e
Suppose -2*o - 6 = -5*o. Suppose 82 = 4*l + 2*h, 2*l = 6*l - o*h - 86. Suppose g = -0*g + l. Is g prime?
False
Suppose 2*o + 24 = 5*i, i - 5*i + o + 18 = 0. Let z be 53 + 1/(2/i). Suppose 0 = 6*s - s - z. Is s a composite number?
False
Let s(z) = -15*z + 2. Is s(-5) a composite number?
True
Suppose 7*k - 15 = -2*i + 2*k, 3*k = i - 13. Let x be -30*44/i*1. Is ((-7)/(-3))/((-4)/x) a composite number?
True
Let t(v) = 17*v - 8. Let i be t(-8). Let u = i + 203. Is u composite?
False
Let k(d) = -d**2 + d - 6. Let g be k(0). Let w(f) = -f**2 - 6*f + 3. Let s be w(g). Suppose 596 = s*m + m. Is m composite?
False
Let o(h) = -2*h**3 - 2*h**2 + 2*h + 1. Is o(-3) a composite number?
False
Suppose -3*j - m = 169, 3*j = 2*m - 4*m - 170. Let b = -32 - j. Let i = -13 + b. Is i composite?
False
Let x(p) = -4*p + 5. Suppose -2*t - 3*t + 4*y - 36 = 0, 5*y - 24 = t. Is x(t) composite?
True
Let w(m) = -3*m - 7. Let z be w(-6). Suppose 3*p = 5*k + z - 31, 4*k = 4*p + 16. Suppose -2*d + p*d + 382 = 0. Is d a composite number?
False
Let m(f) = f**3 - f**2 + 4*f + 1. Let g(j) = -3*j**3 + j**2 + 2*j + 1. Suppose 4*u + 3 = -1. Let k be g(u). Is m(k) prime?
True
Let b(y) = 3*y**3 - 2*y**2 - 7*y - 23. Is b(9) composite?
True
Let t be (-566)/(-6) - (-6)/(-18). Let m = -8 + 12. Suppose 5*j = m*j + t. Is j a composite number?
True
Let l(n) = -n**2 + 19*n - 11. Let w(d) = -d + 2. Let b be w(-7). Is l(b) a prime number?
True
Suppose -6*u + 8*u = 766. Let n = u - 256. Is n composite?
False
Suppose -4*x + o = -2*x - 599, x - 3*o - 297 = 0. Suppose 250 = -5*r - x. Is (0 + 1)/((-2)/r) prime?
False
Let g(o) = -2*o + 1. Let z be g(-2). Suppose 3*l + 11 = z*k - 21, -3*l = -2*k + 20. Suppose -k*p + 156 = 16. Is p composite?
True
Is (116/8)/(5/70) prime?
False
Let o be (4 + 915/(-9))*18. Let h = o + 2479. Is h a prime number?
False
Suppose -p - 22 = 5*x, -4*x + 20 + 20 = -p. Is (-1880)/p - (-1)/4 a composite number?
False
Let r(h) = 76*h**2 - 3*h - 2. Let x be r(-2). Let v = 1 + 5. Suppose -2*c + v*c - x = 0. Is c a composite number?
True
Let a(p) = -2*p + 7*p - 2*p - 2. Let v be a(-3). Is -15*v/3*1 a prime number?
False
Suppose -4*c = -4*h - 67 - 9, 8 = 2*c. Is ((-2344)/20)/(6/h) a composite number?
False
Suppose 3108 = 4*r + 568. Is r a composite number?
True
Let t(a) = -5*a + 1. Let h be t(1). Is 95 - h*(-3)/3 a prime number?
False
Suppose -5*p + 2*b = b + 16, b = p. Let t be (-3 - (12 + 1))*p. Let h = t - -169. Is h a composite number?
False
Let x = 2440 - 873. Is x a prime number?
True
Let z(x) = x**3 - 5*x**2 + 3*x. Let r be z(4). Let f(p) = p**3 + 4*p**2 - 2*p - 2. Let t be f(r). Is t/4 + (-54)/(-4) prime?
False
Let s(p) be the third derivative of p**5/30 + 7*p**4/24 + p**3 + 7*p**2. Suppose -3*m + 0*m = 12. Is s(m) a prime number?
False
Suppose -5*z + 1501 = 206. Is z a prime number?
False
Let l be 291/12 + (-3)/(-4). Suppose -2*a - l = -323. Is a a composite number?
False
Let y(f) = 3*f**2 + 8*f + 5. Let w = 17 + -24. Let v be y(w). Suppose 0*t = 4*l + t - 217, -v = -2*l + 2*t. Is l a composite number?
False
Let t = -499 - -969. Suppose -t = -3*y - 113. Is y composite?
True
Let k(y) = 26*y - 1 + 34*y + 7*y. Is k(2) composite?
True
Suppose -1341 = -7*u + 4*u. Is u a prime number?
False
Is (-3)/3*3 - -112 a composite number?
False
Let f be -9*-129*4/18. Suppose -89 + f = 5*l - 4*a, -45 = -l - 2*a. Is l composite?
False
Let l(q) = q**3 + 7*q**2 + 7*q + 6. Let k(o) = -o**2 + 6*o + 1. Let x be k(7). Let y be l(x). Suppose y = 4*f - 36 - 8. Is f prime?
True
Let v be 1174/4 - (-1)/2. Suppose -v = -2*w - w + k, 2*k = -6. Suppose -y + w = -4*i, -3*i = y + 3*y - 293. Is y a prime number?
False
Suppose 6*u - 3*u = 2*f + 63, -11 = -u + 4*f. Suppose -5*w + 2*w = 0. Let t = w + u. Is t a prime number?
True
Let w(k) = k + 7. Let a be w(-5). Let j(p) = -p**2 + 6*p - 2. Let l be j(5). Suppose a*o + 59 = l*o. Is o prime?
True
Let y = 878 - 571. Is y a composite number?
False
Let z(o) = o**3 + 2. Let w be z(-3). Let u be 5/w + (-92)/(-10). Suppose u = -2*f + 35. Is f a composite number?
False
Suppose 5*l - 1481 = -4*p, 2*p - 1180 = -l - 3*l. Is l a composite number?
False
Let z(c) = c**3 + 4*c**2 + 4. Let j be z(-4). Let b be 2/(-7) - 6/(-21). Suppose -j*s + 5*n + 635 = 0, -4*n - 167 = -b*s - s. Is s prime?
False
Suppose -2*c - 11 - 75 = -y, 0 = 3*y + 5*c - 291. Let p = y - 64. Suppose -3*m + 179 + p = 0. Is m prime?
False
Suppose -21*n = -14*n - 8421. Is n a prime number?
False
Let l(u) be the second derivative of 3*u**3/2 + 2*u**2 + 4*u. Is l(3) composite?
False
Let q = 4018 - 1535. Is q composite?
True
Let x = -6 - -11. Suppose x*n - 851 = -16. Is n a composite number?
False
Let m be (-452)/(-6) + 1/(-3). Let z = 169 - m. Is z composite?
True
Let r(h) = -2*h**2 + 2*h - 1. Let f be r(2). Let t(z) = 28*z**2 - 2*z + 6. Let a be t(f). Is (-5)/15 - a/(-6) a prime number?
False
Suppose -3*n = -4*j - 1265, 0 = -5*n - 2*j + j + 2093. Is n prime?
True
Suppose -5*i = -1 + 351. Suppose p = -5 - 8. Let o = p - i. Is o a composite number?
True
Suppose -3*n + 20 = h + n, -3*n = -5*h + 8. Let s = -35 - -37. Suppose 90 = s*i + h. Is i composite?
False
Suppose 90 = 3*j + 3*w, 39 + 51 = 3*j - 5*w. Suppose -3*q - 4 = 5*k - 25, -3*k = 4*q - 17. Suppose k*m - 27 - j = 0. Is m a composite number?
False
Suppose -m - 807 = m + u, 0 = 5*m - 2*u + 2031. Let a = m + 568. Is a prime?
True
Suppose 4*b - 62 = -5*y + 2*y, 3*b + 2*y = 46. Suppose b*r - 13*r = 183. Is r a prime number?
False
Is 167 + (4/(-2) - 2) a prime number?
True
Let i be (0 + 0)/((-4)/2). Suppose i = x + 3 - 8. Suppose -3*g = 3*h - 108, 101 + 42 = 4*h + x*g. Is h composite?
False
Let d = 28 + -14. Suppose -4*r + 2*z + 106 = 0, -2*z - 144 = -5*r - d. Suppose 2*x - 28 - r = 0. Is x prime?
False
Let x = -768 + 1206. Let s = -307 + x. Is s a prime number?
True
Let b(r) = 2*r**3 - r**2 + 2*r - 1. Let i be b(1). Suppose 5*t + i*w = 721, 4*t - 3*w = 81 + 482. Is t composite?
True
Suppose 0*h - h = 0. Suppose h*k = k - 179. Is k a composite number?
False
Suppose q + c = 12, -3*c = 2*q - 5*q + 12. Suppose q = 2*x - 6*x - 3*p, -5*x - 3*p = 10. Is 35*(-1)/2*x a composite number?
True
Let a(u) = -9*u - 16. Let w be a(-11). Let o = w - 50. Is o prime?
False
Is -4 + (1 - -3) + (55 - -2) a prime number?
False
Suppose 3*d - 4*g - 433 = 0, -289 = -2*d - 0*g + 3*g. Is d composite?
True
Is (-10332)/(-15) - (2/5)/(-2) composite?
True
Let j be (-2)/8 + 4149/36. Is (-1)/(2 - j/57) a prime number?
False
Suppose -571 = -7*y + 1298. Is y composite?
True
Let w = 123 - 178. Let s = 92 + w. Is s composite?
False
Suppose 0 = -2*x - 4*g - 28, -4*g - 20 = -x + 2*x. Let j = 29 + x. Is j a composite number?
True
Suppose -3*x + 3*d - 2 = 1, -5*d = 3*x - 37. Suppose -x*p + 27 = -13. Is p a prime number?
False
Let b be 38/5 + (-2)/(-5). Suppose p = -5*u + 98, -b*p + 4*p + 5*u + 317 = 0. Is p a prime number?
True
Suppose -5*c + 4*k + 422 = 0, 3*c - 73 = 4*k + 177. Let d = c - 49. Is d composite?
False
Is (-1 - 1066/2)/(-6 - -4) prime?
False
Suppose 4*o - 2*o + 10 = 0. Let f = o + 7. Suppose -f*u = -2*b - 280, -b = -5*u + 478 + 242. Is u prime?
False
Suppose -12*r = -9*r - 381. Is r a composite number?
False
Suppose -3*z + 476 = z. Is z composite?
True
Let g(f) = -61*f**3 + 2*f**2 - 2*f + 1. Let w(b) = -61*b**3 + 3*b**2 - 2*b + 2. Let i(x) = 3*g(x) - 2*w(x). Is i(-1) prime?
False
Let v = 2974 - 537. Is v a prime number?
True
Suppose 3*b + 393 - 2352 = 0. Is b a composite number?
False
Let i = -360 + 885. Suppose 5*o + 4*y - i = 0, 76 = -4*o + 5*y + 537. Is o a composite number?
False
Let z be (0 - 6/(-10))*5. Suppose 4*n = 4*c - 492, z*n + 365 = 3*c - n. Is c a prime number?
True
Let p be (5/(-10))/(1/2). Is (-160)/(-3) + p/3 prime?
True
Is 55*(-2 - (-4 - -1)) composite?
True
Let b(v) = 109*v - 3. Is b(2) prime?
False
Suppose b - 233 = -2*r, -5*b + 6*r + 1090 = r. Is b a prime number?
True
Let s be (-4)/(-3)*(-6 + 15). Suppose -424 = 8*k - s*k. Is k a prime number?
False
Suppose 0 = 4*i - 2148 - 5476. Is i prime?
False
Suppose 5*k = 2*u + 2806, 11*k - 2800 = 6*k + 5*u. Is k a prime number?
False
Let y = 98 - 160. Let c be 5 + -2 - (y - 0). Suppose -3*k - 4*n + c = 0, 9 + 4 = k - 3*n. Is k composite?
False
Let u = -2223 + 3310. Is u prime?
True
Let k(c) = -8*c + 2*c + 2 + 5 - c**2. Le